{"id":1450,"date":"2025-04-17T18:24:47","date_gmt":"2025-04-17T18:24:47","guid":{"rendered":"https:\/\/fieth-bau.de\/?page_id=1450"},"modified":"2025-07-24T19:03:52","modified_gmt":"2025-07-24T19:03:52","slug":"team","status":"publish","type":"page","link":"https:\/\/fieth-bau.de\/index.php\/team\/","title":{"rendered":"Team"},"content":{"rendered":"<div data-colibri-id=\"1450-c1\" class=\"style-1221 style-local-1450-c1 position-relative\">\n  <!---->\n  <div data-colibri-component=\"section\" data-colibri-id=\"1450-c2\" id=\"team\" class=\"h-section h-section-global-spacing d-flex align-items-lg-center align-items-md-center align-items-center style-1358 style-local-1450-c2 position-relative\">\n    <!---->\n    <!---->\n    <div class=\"h-section-grid-container h-section-boxed-container\">\n      <!---->\n      <div data-colibri-id=\"1450-c3\" class=\"h-row-container gutters-row-lg-2 gutters-row-md-2 gutters-row-2 gutters-row-v-lg-2 gutters-row-v-md-2 gutters-row-v-2 style-1359 style-local-1450-c3 position-relative\">\n        <!---->\n        <div class=\"h-row justify-content-lg-center justify-content-md-center justify-content-center align-items-lg-stretch align-items-md-stretch align-items-stretch gutters-col-lg-2 gutters-col-md-2 gutters-col-2 gutters-col-v-lg-2 gutters-col-v-md-2 gutters-col-v-2\">\n          <!---->\n          <div class=\"h-column h-column-container d-flex h-col-lg-3 h-col-md-6 h-col-12 style-1360-outer style-local-1450-c4-outer\">\n            <div data-colibri-id=\"1450-c4\" class=\"d-flex h-flex-basis h-column__inner h-px-lg-0 h-px-md-0 h-px-0 v-inner-lg-0 v-inner-md-0 v-inner-0 style-1360 style-local-1450-c4 position-relative\">\n              <!---->\n              <!---->\n              <div class=\"w-100 h-y-container h-column__content h-column__v-align flex-basis-100 align-self-lg-start align-self-md-start align-self-start\">\n                <!---->\n                <div data-colibri-id=\"1450-c5\" class=\"d-block style-1361 style-local-1450-c5 position-relative h-element\">\n                  <!---->\n                  <div class=\"h-image__frame-container-outer\">\n                    <div class=\"h-image__frame-container\">\n                      <!---->\n                      <!---->\n                      <img fetchpriority=\"high\" decoding=\"async\" width=\"940\" height=\"941\" src=\"https:\/\/fieth-bau.de\/wp-content\/uploads\/2019\/07\/cropped-cropped-cropped-MG_2874ckl.jpg\" class=\"wp-image-1588 style-1361-image style-local-1450-c5-image\" alt=\"\" srcset=\"https:\/\/fieth-bau.de\/wp-content\/uploads\/2019\/07\/cropped-cropped-cropped-MG_2874ckl.jpg 940w, https:\/\/fieth-bau.de\/wp-content\/uploads\/2019\/07\/cropped-cropped-cropped-MG_2874ckl-300x300.jpg 300w, https:\/\/fieth-bau.de\/wp-content\/uploads\/2019\/07\/cropped-cropped-cropped-MG_2874ckl-80x80.jpg 80w, https:\/\/fieth-bau.de\/wp-content\/uploads\/2019\/07\/cropped-cropped-cropped-MG_2874ckl-768x769.jpg 768w\" sizes=\"(max-width: 940px) 100vw, 940px\" \/>\n                      <div class=\"h-image__frame h-hide-lg h-hide-md h-hide-sm style-1361-frameImage style-local-1450-c5-frameImage\"><\/div>\n                    <\/div>\n                  <\/div>\n                <\/div>\n                <div data-colibri-id=\"1450-c6\" class=\"h-row-container gutters-row-lg-0 gutters-row-md-0 gutters-row-0 gutters-row-v-lg-0 gutters-row-v-md-0 gutters-row-v-0 style-1362 style-local-1450-c6 position-relative\">\n                  <!---->\n                  <div class=\"h-row justify-content-lg-center justify-content-md-center justify-content-center align-items-lg-stretch align-items-md-stretch align-items-stretch gutters-col-lg-0 gutters-col-md-0 gutters-col-0 gutters-col-v-lg-0 gutters-col-v-md-0 gutters-col-v-0\">\n                    <!---->\n                    <div class=\"h-column h-column-container d-flex h-col-lg-auto h-col-md-auto h-col-auto style-1363-outer style-local-1450-c7-outer\">\n                      <div data-colibri-id=\"1450-c7\" class=\"d-flex h-flex-basis h-column__inner h-px-lg-2 h-px-md-2 h-px-2 v-inner-lg-2 v-inner-md-2 v-inner-2 style-1363 style-local-1450-c7 position-relative\">\n                        <!---->\n                        <!---->\n                        <div class=\"w-100 h-y-container h-column__content h-column__v-align flex-basis-100 align-self-lg-start align-self-md-start align-self-start\">\n                          <!---->\n                          <div data-colibri-id=\"1450-c8\" class=\"h-global-transition-all h-heading style-1364 style-local-1450-c8 position-relative h-element\">\n                            <!---->\n                            <div class=\"h-heading__outer style-1364 style-local-1450-c8\">\n                              <!---->\n                              <!---->\n                              <h4 class=\"\">Stephan Fieth<\/h4>\n                            <\/div>\n                          <\/div>\n                          <div data-colibri-id=\"1450-c9\" class=\"h-text h-text-component style-1365 style-local-1450-c9 position-relative h-element\">\n                            <!---->\n                            <!---->\n                            <div class=\"\">\n                              <p>Inhaber, Gr\u00fcnder, Gesch\u00e4ftsf\u00fchrer<\/p>\n                            <\/div>\n                          <\/div>\n                        <\/div>\n                      <\/div>\n                    <\/div>\n                  <\/div>\n                <\/div>\n              <\/div>\n            <\/div>\n          <\/div>\n          <div class=\"h-column h-column-container d-flex h-col-lg-3 h-col-md-6 h-col-12 style-1360-outer style-local-1450-c10-outer\">\n            <div data-colibri-id=\"1450-c10\" class=\"d-flex h-flex-basis h-column__inner h-px-lg-0 h-px-md-0 h-px-0 v-inner-lg-0 v-inner-md-0 v-inner-0 style-1360 style-local-1450-c10 position-relative\">\n              <!---->\n              <!---->\n              <div class=\"w-100 h-y-container h-column__content h-column__v-align flex-basis-100 align-self-lg-start align-self-md-start align-self-start\">\n                <!---->\n                <div data-colibri-id=\"1450-c11\" class=\"d-block style-1361 style-local-1450-c11 position-relative h-element\">\n                  <!---->\n                  <div class=\"h-image__frame-container-outer\">\n                    <div class=\"h-image__frame-container\">\n                      <!---->\n                      <!---->\n                      <img decoding=\"async\" width=\"940\" height=\"941\" src=\"https:\/\/fieth-bau.de\/wp-content\/uploads\/2019\/07\/cropped-cropped-cropped-MG_2826Akl.jpg\" class=\"wp-image-1589 style-1361-image style-local-1450-c11-image\" alt=\"\" srcset=\"https:\/\/fieth-bau.de\/wp-content\/uploads\/2019\/07\/cropped-cropped-cropped-MG_2826Akl.jpg 940w, https:\/\/fieth-bau.de\/wp-content\/uploads\/2019\/07\/cropped-cropped-cropped-MG_2826Akl-300x300.jpg 300w, https:\/\/fieth-bau.de\/wp-content\/uploads\/2019\/07\/cropped-cropped-cropped-MG_2826Akl-80x80.jpg 80w, https:\/\/fieth-bau.de\/wp-content\/uploads\/2019\/07\/cropped-cropped-cropped-MG_2826Akl-768x769.jpg 768w\" sizes=\"(max-width: 940px) 100vw, 940px\" \/>\n                      <div class=\"h-image__frame h-hide-lg h-hide-md h-hide-sm style-1361-frameImage style-local-1450-c11-frameImage\"><\/div>\n                    <\/div>\n                  <\/div>\n                <\/div>\n                <div data-colibri-id=\"1450-c12\" class=\"h-row-container gutters-row-lg-0 gutters-row-md-0 gutters-row-0 gutters-row-v-lg-0 gutters-row-v-md-0 gutters-row-v-0 style-1362 style-local-1450-c12 position-relative\">\n                  <!---->\n                  <div class=\"h-row justify-content-lg-center justify-content-md-center justify-content-center align-items-lg-stretch align-items-md-stretch align-items-stretch gutters-col-lg-0 gutters-col-md-0 gutters-col-0 gutters-col-v-lg-0 gutters-col-v-md-0 gutters-col-v-0\">\n                    <!---->\n                    <div class=\"h-column h-column-container d-flex h-col-lg-auto h-col-md-auto h-col-auto style-1363-outer style-local-1450-c13-outer\">\n                      <div data-colibri-id=\"1450-c13\" class=\"d-flex h-flex-basis h-column__inner h-px-lg-2 h-px-md-2 h-px-2 v-inner-lg-2 v-inner-md-2 v-inner-2 style-1363 style-local-1450-c13 position-relative\">\n                        <!---->\n                        <!---->\n                        <div class=\"w-100 h-y-container h-column__content h-column__v-align flex-basis-100 align-self-lg-start align-self-md-start align-self-start\">\n                          <!---->\n                          <div data-colibri-id=\"1450-c14\" class=\"h-global-transition-all h-heading style-1364 style-local-1450-c14 position-relative h-element\">\n                            <!---->\n                            <div class=\"h-heading__outer style-1364 style-local-1450-c14\">\n                              <!---->\n                              <!---->\n                              <h4 class=\"\">Anida Fieth<\/h4>\n                            <\/div>\n                          <\/div>\n                          <div data-colibri-id=\"1450-c15\" class=\"h-text h-text-component style-1365 style-local-1450-c15 position-relative h-element\">\n                            <!---->\n                            <!---->\n                            <div class=\"\">\n                              <p>B\u00fcroleitung, Personal, Buchhaltung<\/p>\n                            <\/div>\n                          <\/div>\n                        <\/div>\n                      <\/div>\n                    <\/div>\n                  <\/div>\n                <\/div>\n              <\/div>\n            <\/div>\n          <\/div>\n          <div class=\"h-column h-column-container d-flex h-col-lg-3 h-col-md-6 h-col-12 style-1360-outer style-local-1450-c22-outer\">\n            <div data-colibri-id=\"1450-c22\" class=\"d-flex h-flex-basis h-column__inner h-px-lg-0 h-px-md-0 h-px-0 v-inner-lg-0 v-inner-md-0 v-inner-0 style-1360 style-local-1450-c22 position-relative\">\n              <!---->\n              <!---->\n              <div class=\"w-100 h-y-container h-column__content h-column__v-align flex-basis-100 align-self-lg-start align-self-md-start align-self-start\">\n                <!---->\n                <div data-colibri-id=\"1450-c23\" class=\"d-block style-1361 style-local-1450-c23 position-relative h-element\">\n                  <!---->\n                  <div class=\"h-image__frame-container-outer\">\n                    <div class=\"h-image__frame-container\">\n                      <!---->\n                      <!---->\n                      <img decoding=\"async\" width=\"1276\" height=\"1276\" src=\"https:\/\/fieth-bau.de\/wp-content\/uploads\/2023\/08\/cropped-cropped-cropped-avatar-g9b28feac1_1280.png\" class=\"wp-image-1591 style-1361-image style-local-1450-c23-image\" alt=\"\" srcset=\"https:\/\/fieth-bau.de\/wp-content\/uploads\/2023\/08\/cropped-cropped-cropped-avatar-g9b28feac1_1280.png 1276w, https:\/\/fieth-bau.de\/wp-content\/uploads\/2023\/08\/cropped-cropped-cropped-avatar-g9b28feac1_1280-300x300.png 300w, https:\/\/fieth-bau.de\/wp-content\/uploads\/2023\/08\/cropped-cropped-cropped-avatar-g9b28feac1_1280-1030x1030.png 1030w, https:\/\/fieth-bau.de\/wp-content\/uploads\/2023\/08\/cropped-cropped-cropped-avatar-g9b28feac1_1280-80x80.png 80w, https:\/\/fieth-bau.de\/wp-content\/uploads\/2023\/08\/cropped-cropped-cropped-avatar-g9b28feac1_1280-768x768.png 768w\" sizes=\"(max-width: 1276px) 100vw, 1276px\" \/>\n                      <div class=\"h-image__frame h-hide-lg h-hide-md h-hide-sm style-1361-frameImage style-local-1450-c23-frameImage\"><\/div>\n                    <\/div>\n                  <\/div>\n                <\/div>\n                <div data-colibri-id=\"1450-c24\" class=\"h-row-container gutters-row-lg-0 gutters-row-md-0 gutters-row-0 gutters-row-v-lg-0 gutters-row-v-md-0 gutters-row-v-0 style-1362 style-local-1450-c24 position-relative\">\n                  <!---->\n                  <div class=\"h-row justify-content-lg-center justify-content-md-center justify-content-center align-items-lg-stretch align-items-md-stretch align-items-stretch gutters-col-lg-0 gutters-col-md-0 gutters-col-0 gutters-col-v-lg-0 gutters-col-v-md-0 gutters-col-v-0\">\n                    <!---->\n                    <div class=\"h-column h-column-container d-flex h-col-lg-auto h-col-md-auto h-col-auto style-1363-outer style-local-1450-c25-outer\">\n                      <div data-colibri-id=\"1450-c25\" class=\"d-flex h-flex-basis h-column__inner h-px-lg-2 h-px-md-2 h-px-2 v-inner-lg-2 v-inner-md-2 v-inner-2 style-1363 style-local-1450-c25 position-relative\">\n                        <!---->\n                        <!---->\n                        <div class=\"w-100 h-y-container h-column__content h-column__v-align flex-basis-100 align-self-lg-start align-self-md-start align-self-start\">\n                          <!---->\n                          <div data-colibri-id=\"1450-c26\" class=\"h-global-transition-all h-heading style-1364 style-local-1450-c26 position-relative h-element\">\n                            <!---->\n                            <div class=\"h-heading__outer style-1364 style-local-1450-c26\">\n                              <!---->\n                              <!---->\n                              <h4 class=\"\">Kirsten Meuser<\/h4>\n                            <\/div>\n                          <\/div>\n                          <div data-colibri-id=\"1450-c27\" class=\"h-text h-text-component style-1365 style-local-1450-c27 position-relative h-element\">\n                            <!---->\n                            <!---->\n                            <div class=\"\">\n                              <p>Assistentin Bauleitung<\/p>\n                            <\/div>\n                          <\/div>\n                        <\/div>\n                      <\/div>\n                    <\/div>\n                  <\/div>\n                <\/div>\n              <\/div>\n            <\/div>\n          <\/div>\n        <\/div>\n      <\/div>\n    <\/div>\n  <\/div>\n  <div data-colibri-component=\"section\" data-colibri-id=\"1450-c28\" id=\"menue\" class=\"h-section h-section-global-spacing d-flex align-items-lg-center align-items-md-center align-items-center style-1225 style-local-1450-c28 position-relative\">\n    <!---->\n    <!---->\n    <div class=\"h-section-grid-container h-section-boxed-container\">\n      <!---->\n      <div data-colibri-id=\"1450-c29\" class=\"h-row-container gutters-row-lg-2 gutters-row-md-2 gutters-row-0 gutters-row-v-lg-2 gutters-row-v-md-2 gutters-row-v-2 style-1226 style-local-1450-c29 position-relative\">\n        <!---->\n        <div class=\"h-row justify-content-lg-center justify-content-md-center justify-content-center align-items-lg-stretch align-items-md-stretch align-items-stretch gutters-col-lg-2 gutters-col-md-2 gutters-col-0 gutters-col-v-lg-2 gutters-col-v-md-2 gutters-col-v-2\">\n          <!---->\n          <div class=\"h-column h-column-container d-flex h-col-lg-auto h-col-md-auto h-col-auto style-1227-outer style-local-1450-c30-outer\">\n            <div data-colibri-id=\"1450-c30\" class=\"d-flex h-flex-basis h-column__inner h-px-lg-2 h-px-md-2 h-px-2 v-inner-lg-2 v-inner-md-2 v-inner-2 style-1227 style-local-1450-c30 position-relative\">\n              <!---->\n              <!---->\n              <div class=\"w-100 h-y-container h-column__content h-column__v-align flex-basis-100 align-self-lg-start align-self-md-start align-self-start\">\n                <!---->\n                <div data-colibri-component=\"dropdown-menu\" role=\"navigation\" h-use-smooth-scroll-all=\"true\" data-colibri-id=\"1450-c31\" class=\"h-menu h-global-transition-all h-ignore-global-body-typography has-offcanvas-mobile h-menu-horizontal h-dropdown-menu style-1229 style-local-1450-c31 position-relative h-element\">\n                  <!---->\n                  <div class=\"h-global-transition-all h-main-menu\"><div class=\"colibri-menu-container\"><ul id=\"menu-categories-menu\" class=\"colibri-menu bordered-active-item bordered-active-item--bottom effect-borders-grow grow-from-left\"><li id=\"menu-item-1057\" class=\"menu-item menu-item-type-post_type menu-item-object-page menu-item-1057\"><a href=\"https:\/\/fieth-bau.de\/index.php\/impressum\/\">Impressum<\/a><\/li>\n<li id=\"menu-item-1058\" class=\"menu-item menu-item-type-post_type menu-item-object-page menu-item-1058\"><a href=\"https:\/\/fieth-bau.de\/index.php\/datenschutz\/\">Datenschutz<\/a><\/li>\n<\/ul><\/div><\/div>\n                  <div data-colibri-id=\"1450-c32\" class=\"h-mobile-menu h-global-transition-disable style-1230 style-local-1450-c32 position-relative h-element\">\n                    <!---->\n                    <a data-click-outside=\"true\" data-target=\"#offcanvas-wrapper-1450-c32\" data-target-id=\"offcanvas-wrapper-1450-c32\" data-offcanvas-overlay-id=\"offcanvas-overlay-1450-c32\" href=\"#\" data-colibri-component=\"offcanvas\" data-direction=\"right\"\n                      data-push=\"false\" title=\"Menu\" class=\"h-hamburger-button\">\n                      <div class=\"icon-container h-hamburger-icon\">\n                        <div class=\"h-icon-svg\" style=\"width: 100%; height: 100%;\">\n                          <!--Icon by Font Awesome (https:\/\/fontawesome.com)-->\n                          <svg version=\"1.1\" xmlns=\"http:\/\/www.w3.org\/2000\/svg\" xmlns:xlink=\"http:\/\/www.w3.org\/1999\/xlink\" id=\"bars\" viewBox=\"0 0 1536 1896.0833\">\n                            <path d=\"M1536 1344v128q0 26-19 45t-45 19H64q-26 0-45-19t-19-45v-128q0-26 19-45t45-19h1408q26 0 45 19t19 45zm0-512v128q0 26-19 45t-45 19H64q-26 0-45-19T0 960V832q0-26 19-45t45-19h1408q26 0 45 19t19 45zm0-512v128q0 26-19 45t-45 19H64q-26 0-45-19T0 448V320q0-26 19-45t45-19h1408q26 0 45 19t19 45z\"><\/path>\n                          <\/svg>\n                        <\/div>\n                      <\/div>\n                    <\/a>\n                    <div id=\"offcanvas-wrapper-1450-c32\" class=\"h-offcanvas-panel offcanvas offcanvas-right hide force-hide style-1230-offscreen style-local-1450-c32-offscreen\">\n                      <div data-colibri-id=\"1450-c33\" class=\"d-flex flex-column h-offscreen-panel style-1231 style-local-1450-c33 position-relative h-element\">\n                        <!---->\n                        <div class=\"offscreen-header h-ui-empty-state-container\">\n                          <div data-colibri-id=\"1450-c35\" class=\"h-row-container gutters-row-lg-0 gutters-row-md-0 gutters-row-0 gutters-row-v-lg-0 gutters-row-v-md-0 gutters-row-v-0 style-1233 style-local-1450-c35 position-relative\">\n                            <!---->\n                            <div class=\"h-row justify-content-lg-center justify-content-md-center justify-content-center align-items-lg-stretch align-items-md-stretch align-items-stretch gutters-col-lg-0 gutters-col-md-0 gutters-col-0 gutters-col-v-lg-0 gutters-col-v-md-0 gutters-col-v-0\">\n                              <!---->\n                              <div class=\"h-column h-column-container d-flex h-col-lg h-col-md h-col-auto style-1234-outer style-local-1450-c36-outer\">\n                                <div data-colibri-id=\"1450-c36\" class=\"d-flex h-flex-basis h-column__inner h-px-lg-2 h-px-md-2 h-px-2 v-inner-lg-2 v-inner-md-2 v-inner-2 style-1234 style-local-1450-c36 position-relative\">\n                                  <!---->\n                                  <!---->\n                                  <div class=\"w-100 h-y-container h-column__content h-column__v-align flex-basis-100 align-self-lg-start align-self-md-start align-self-start\">\n                                    <!---->\n                                    <div data-colibri-id=\"1450-c37\" class=\"d-flex align-items-center text-lg-center text-md-center text-center justify-content-lg-center justify-content-md-center justify-content-center style-1235 style-local-1450-c37 position-relative h-element\">\n                                      <!---->\n                                      <a rel=\"home\" href=\"https:\/\/fieth-bau.de\/\" h-use-smooth-scroll=\"true\" class=\"d-flex align-items-center\">\n                                        <img decoding=\"async\" src=\"https:\/\/fieth-bau.de\/wp-content\/uploads\/2018\/10\/cropped-cropped-cropped-fieth-bau-logo-transp-1-e1714232469283-1.png\" class=\"h-logo__image h-logo__image_h logo-image style-1235-image style-local-1450-c37-image\" alt=\"\" \/>\n                                        <img decoding=\"async\" src=\"https:\/\/fieth-bau.de\/wp-content\/uploads\/2018\/10\/cropped-cropped-cropped-fieth-bau-logo-transp-1-e1714232469283-1.png\" class=\"h-logo__alt-image h-logo__alt-image_h logo-alt-image style-1235-image style-local-1450-c37-image\">\n                                      <\/a>\n                                    <\/div>\n                                  <\/div>\n                                <\/div>\n                              <\/div>\n                            <\/div>\n                          <\/div>\n                        <\/div>\n                        <div class=\"offscreen-content\">\n                          <!---->\n                          <div data-colibri-component=\"accordion-menu\" role=\"navigation\" h-use-smooth-scroll-all=\"true\" data-colibri-id=\"1450-c34\" class=\"h-menu h-global-transition-all h-ignore-global-body-typography h-mobile-menu h-menu-accordion style-1232 style-local-1450-c34 position-relative h-element\">\n                            <!---->\n                            <div class=\"h-global-transition-all h-mobile-menu\"><div class=\"colibri-menu-container\"><ul id=\"menu-categories-menu-1\" class=\"colibri-menu none \"><li class=\"menu-item menu-item-type-post_type menu-item-object-page menu-item-1057\"><a href=\"https:\/\/fieth-bau.de\/index.php\/impressum\/\">Impressum<\/a><\/li>\n<li class=\"menu-item menu-item-type-post_type menu-item-object-page menu-item-1058\"><a href=\"https:\/\/fieth-bau.de\/index.php\/datenschutz\/\">Datenschutz<\/a><\/li>\n<\/ul><\/div><\/div>\n                          <\/div>\n                        <\/div>\n                        <div class=\"offscreen-footer h-ui-empty-state-container\">\n                          <div data-colibri-id=\"1450-c38\" class=\"h-row-container gutters-row-lg-0 gutters-row-md-0 gutters-row-0 gutters-row-v-lg-0 gutters-row-v-md-0 gutters-row-v-0 style-1236 style-local-1450-c38 position-relative\">\n                            <!---->\n                            <div class=\"h-row justify-content-lg-center justify-content-md-center justify-content-center align-items-lg-stretch align-items-md-stretch align-items-stretch gutters-col-lg-0 gutters-col-md-0 gutters-col-0 gutters-col-v-lg-0 gutters-col-v-md-0 gutters-col-v-0\">\n                              <!---->\n                              <div class=\"h-column h-column-container d-flex h-col-lg h-col-md h-col-auto style-1237-outer style-local-1450-c39-outer\">\n                                <div data-colibri-id=\"1450-c39\" class=\"d-flex h-flex-basis h-column__inner h-px-lg-2 h-px-md-2 h-px-2 v-inner-lg-2 v-inner-md-2 v-inner-2 style-1237 style-local-1450-c39 position-relative\">\n                                  <!---->\n                                  <!---->\n                                  <div class=\"w-100 h-y-container h-column__content h-column__v-align flex-basis-100 align-self-lg-start align-self-md-start align-self-start\">\n                                    <!---->\n                                    <div data-colibri-id=\"1450-c40\" class=\"h-text h-text-component style-1238 style-local-1450-c40 position-relative h-element\">\n                                      <!---->\n                                      <!---->\n                                      <div class=\"\">\n                                        <p>\u00a9 2025<\/p>\n                                      <\/div>\n                                    <\/div>\n                                  <\/div>\n                                <\/div>\n                              <\/div>\n                            <\/div>\n                          <\/div>\n                        <\/div>\n                      <\/div>\n                    <\/div>\n                    <div id=\"offcanvas-overlay-1450-c32\" class=\"offscreen-overlay style-1230-offscreenOverlay style-local-1450-c32-offscreenOverlay\"><\/div>\n                  <\/div>\n                <\/div>\n              <\/div>\n            <\/div>\n          <\/div>\n        <\/div>\n      <\/div>\n    <\/div>\n  <\/div>\n<\/div>","protected":false},"excerpt":{"rendered":"<p>Stephan Fieth Inhaber, Gr\u00fcnder, Gesch\u00e4ftsf\u00fchrer Anida Fieth B\u00fcroleitung, Personal, Buchhaltung Kirsten Meuser Assistentin Bauleitung \u00a9 2025<\/p>\n","protected":false},"author":2,"featured_media":0,"parent":0,"menu_order":0,"comment_status":"closed","ping_status":"closed","template":"page-templates\/full-width-page.php","meta":{"footnotes":""},"class_list":["post-1450","page","type-page","status-publish","hentry"],"_links":{"self":[{"href":"https:\/\/fieth-bau.de\/index.php\/wp-json\/wp\/v2\/pages\/1450","targetHints":{"allow":["GET"]}}],"collection":[{"href":"https:\/\/fieth-bau.de\/index.php\/wp-json\/wp\/v2\/pages"}],"about":[{"href":"https:\/\/fieth-bau.de\/index.php\/wp-json\/wp\/v2\/types\/page"}],"author":[{"embeddable":true,"href":"https:\/\/fieth-bau.de\/index.php\/wp-json\/wp\/v2\/users\/2"}],"replies":[{"embeddable":true,"href":"https:\/\/fieth-bau.de\/index.php\/wp-json\/wp\/v2\/comments?post=1450"}],"version-history":[{"count":6,"href":"https:\/\/fieth-bau.de\/index.php\/wp-json\/wp\/v2\/pages\/1450\/revisions"}],"predecessor-version":[{"id":1736,"href":"https:\/\/fieth-bau.de\/index.php\/wp-json\/wp\/v2\/pages\/1450\/revisions\/1736"}],"wp:attachment":[{"href":"https:\/\/fieth-bau.de\/index.php\/wp-json\/wp\/v2\/media?parent=1450"}],"curies":[{"name":"wp","href":"https:\/\/api.w.org\/{rel}","templated":true}]}}